 of 14465544?
6
What is the hundred millions digit of 140165379?
1
What is the hundred thousands digit of 4386000657?
0
What is the ten thousands digit of 286645764?
4
What is the thousands digit of 2217441?
7
What is the thousands digit of 1317788378?
8
What is the hundred thousands digit of 17295139?
2
What is the thousands digit of 118672418?
2
What is the hundred millions digit of 719411177?
7
What is the ten millions digit of 333422766?
3
What is the tens digit of 119108847?
4
What is the thousands digit of 706212254?
2
What is the hundred thousands digit of 205685903?
6
What is the hundreds digit of 96255558?
5
What is the hundred thousands digit of 127886426?
8
What is the thousands digit of 14825992?
5
What is the units digit of 512752904?
4
What is the hundred millions digit of 838243203?
8
What is the thousands digit of 346441380?
1
What is the units digit of 8834181870?
0
What is the ten thousands digit of 5473316494?
1
What is the millions digit of 1509706676?
9
What is the thousands digit of 80432169?
2
What is the hundreds digit of 2694506403?
4
What is the millions digit of 4060761777?
0
What is the ten thousands digit of 233145081?
4
What is the ten millions digit of 277018129?
7
What is the hundreds digit of 972207800?
8
What is the hundreds digit of 95600469?
4
What is the thousands digit of 13846937?
6
What is the tens digit of 69923387?
8
What is the hundred thousands digit of 2830057311?
0
What is the millions digit of 120554689?
0
What is the units digit of 829408654?
4
What is the ten thousands digit of 4650289?
5
What is the tens digit of 214289514?
1
What is the tens digit of 563145586?
8
What is the tens digit of 291470450?
5
What is the hundreds digit of 17259097?
0
What is the ten thousands digit of 12148230?
4
What is the ten millions digit of 197025334?
9
What is the tens digit of 4275775?
7
What is the units digit of 125842663?
3
What is the thousands digit of 97987528?
7
What is the hundred millions digit of 369470139?
3
What is the tens digit of 64960498?
9
What is the units digit of 202748704?
4
What is the ten millions digit of 786322497?
8
What is the ten millions digit of 303605963?
0
What is the ten millions digit of 173018468?
7
What is the ten millions digit of 49601067?
4
What is the hundred thousands digit of 23471447?
4
What is the tens digit of 750726304?
0
What is the ten millions digit of 227060718?
2
What is the units digit of 461755657?
7
What is the ten millions digit of 1894101611?
9
What is the hundreds digit of 82954039?
0
What is the hundred millions digit of 335981775?
3
What is the ten thousands digit of 3348817565?
1
What is the ten millions digit of 476150506?
7
What is the millions digit of 104397948?
4
What is the hundreds digit of 117216010?
0
What is the hundred millions digit of 398932042?
3
What is the ten thousands digit of 39496276?
9
What is the tens digit of 1686395263?
6
What is the tens digit of 126368289?
8
What is the ten millions digit of 867210468?
6
What is the ten millions digit of 5219479489?
1
What is the hundreds digit of 434304202?
2
What is the hundred millions digit of 539059764?
5
What is the millions digit of 1330876980?
0
What is the tens digit of 3336722719?
1
What is the units digit of 4488777784?
4
What is the units digit of 3188477485?
5
What is the thousands digit of 587133984?
3
What is the ten millions digit of 246807755?
4
What is the hundred thousands digit of 937480630?
4
What is the millions digit of 48089698?
8
What is the hundred millions digit of 3577306322?
5
What is the hundred thousands digit of 644726165?
7
What is the hundreds digit of 42267449?
4
What is the billions digit of 5022338596?
5
What is the ten thousands digit of 41797235?
9
What is the tens digit of 149323272?
7
What is the thousands digit of 534198497?
8
What is the ten thousands digit of 1258593576?
9
What is the hundred millions digit of 284178982?
2
What is the millions digit of 5186421?
5
What is the tens digit of 67298539?
3
What is the units digit of 13704224?
4
What is the ten thousands digit of 16896593?
9
What is the millions digit of 827977653?
7
What is the millions digit of 171601287?
1
What is the hundred thousands digit of 15083151?
0
What is the hundreds digit of 19444670?
6
What is the tens digit of 5909013769?
6
What is the millions digit of 94217862?
4
What is the units digit of 6473856?
6
What is the hundred thousands digit of 377072470?
0
What is the thousands digit of 1768402689?
2
What is the ten millions digit of 337267566?
3
What is the hundred millions digit of 6151718458?
1
What is the tens digit of 27962499?
9
What is the ten millions digit of 349762049?
4
What is the ten thousands digit of 1087534039?
3
What is the ten thousands digit of 59734225?
3
What is the hundred millions digit of 901684367?
9
What is the thousands digit of 88445439?
5
What is the hundreds digit of 1834521352?
3
What is the units digit of 29756605?
5
What is the ten millions digit of 1073601208?
7
What is the hundreds digit of 243592799?
7
What is the hundred thousands digit of 46645438?
6
What is the millions digit of 39010183?
9
What is the hundred thousands digit of 1758025049?
0
What is the ten millions digit of 304360282?
0
What is the hundred thousands digit of 37479524?
4
What is the hundreds digit of 717166837?
8
What is the billions digit of 7522868586?
7
What is the hundred thousands digit of 35550143?
5
What is the tens digit of 745968005?
0
What is the millions digit of 514949912?
4
What is the units digit of 318157823?
3
What is the ten millions digit of 96482575?
9
What is the ten thousands digit of 1131140543?
4
What is the billions digit of 1380673679?
1
What is the thousands digit of 211427242?
7
What is the ten millions digit of 74631058?
7
What is the millions digit of 602863339?
2
What is the thousands digit of 9733685?
3
What is the units digit of 1244165188?
8
What is the ten thousands digit of 1029458529?
5
What is the units digit of 95017348?
8
What is the tens digit of 42340249?
4
What is the tens digit of 157192153?
5
What is the ten millions digit of 31316566?
3
What is the hundred millions digit of 2257739574?
2
What is the thousands digit of 475433247?
3
What is the thousands digit of 247897632?
7
What is the millions digit of 33895091?
3
What is the units digit of 32100772?
2
What is the units digit of 1325320986?
6
What is the thousands digit of 3560250010?
0
What is the billions digit of 1006270480?
1
What is the ten millions digit of 640744697?
4
What is the tens digit of 126521923?
2
What is the hundred millions digit of 130332366?
1
What is the units digit of 234446180?
0
What is the millions digit of 130818915?
0
What is the ten millions digit of 202753257?
0
What is the ten thousands digit of 26006813?
0
What is the hundred millions digit of 304882746?
3
What is the billions digit of 3937827577?
3
What is the thousands digit of 6223703465?
3
What is the ten millions digit of 2095275392?
9
What is the hundreds digit of 64460908?
9
What is the units digit of 531631103?
3
What is the ten millions digit of 60080444?
6
What is the hundred millions digit of 631276627?
6
What is the millions digit of 173091753?
3
What is the tens digit of 174357114?
1
What is the hundred millions digit of 401676339?
4
What is the tens digit of 231104260?
6
What is the ten millions digit of 68637979?
6
What is the ten millions digit of 438055166?
3
What is the thousands digit of 32512409?
2
What is the units digit of 779621797?
7
What is the thousands digit of 54162677?
2
What is the ten thousands digit of 77913424?
1
What is the ten millions digit of 737789104?
3
What is the ten millions digit of 197608765?
9
What is the hundred thousands digit of 85045616?
0
What is the hundred millions digit of 534274411?
5
What is the millions digit of 2151770212?
1
What is the units digit of 62323789?
9
What is the hundred millions digit of 1883964677?
8
What is the hundreds digit of 511143571?
5
What is the hundred thousands digit of 454767539?
7
What is the tens digit of 289570540?
4
What is the tens digit of 375132042?
4
What is the tens digit of 777409209?
0
What is the ten thousands digit of 3717151161?
5
What is the hundreds digit of 171825054?
0
What is the units dig